 digit of w(10)?
2
Let d = -41 - -338. Suppose 4*y - b + 168 = 7*y, 4*b + d = 5*y. What is the tens digit of y?
5
What is the units digit of (0 - (-31366)/18) + (-180)/(-405)?
3
Let t = 824 + 59. Let b = -602 + t. Suppose 3*c + 50 - 259 = -q, b = 4*c - q. What is the units digit of c?
0
Suppose -4*h + 48334 = -3*r, 31*h = 33*h + 5*r - 24154. What is the tens digit of h?
8
Let c(m) = -54*m - 3 + 1 - 7 + 2. What is the units digit of c(-5)?
3
What is the ten thousands digit of (2 - 6 - 9/(-1)) + 61142 - 3?
6
Let s = -14 + 32. Suppose 0 = 2*w - 5*d - 6, 0 = -5*w + d + s - 3. Suppose -3*c = -2*j - 482, 4*c + 109 = w*j + 752. What is the units digit of c?
0
Suppose -50 + 47 = f. What is the units digit of 1/f + 13000/39?
3
Suppose 0 = 167*a - 150*a - 34. What is the tens digit of 171574/195 + a/15?
8
Suppose 11*a + 104 = -2*a. Let j(t) = -t**3 + 22*t - 10. What is the tens digit of j(a)?
2
Let r be ((-21)/9)/((-1)/(-3)). Let l(f) = 5*f**3 - 8*f + 3. Let x(s) = -5*s**3 + 9*s - 4. Let n(v) = r*l(v) - 6*x(v). What is the tens digit of n(-2)?
3
Suppose q = -3*j - 155, 175 = -5*j + 2*q - 65. Let y = j + 55. Suppose u - 4*u = -5*c - 367, -y*c = 4*u - 466. What is the tens digit of u?
1
Let k be 2 - (3 - 12) - 6. Suppose -3297 = -k*u - 3*j, 4*u - 2648 = -0*u - 5*j. What is the hundreds digit of u?
6
Suppose 4*o - 3579 = 5*d, -1199 = -o + 3*d - 299. What is the units digit of o?
1
Suppose 235*u - 231*u + 5*l = 33860, 3*l - 42325 = -5*u. What is the hundreds digit of u?
4
Suppose -7*h - 4 = -18. Suppose -10*t + h*t + 1736 = 0. Suppose -1507 = -6*d - t. What is the tens digit of d?
1
Let x(c) = -49*c - 14. Let n(y) = 49*y + 13. Let z(f) = 5*n(f) + 6*x(f). What is the hundreds digit of z(-5)?
2
Let v(a) be the first derivative of 5*a**2/2 - 10*a + 11. Let z be v(-4). What is the units digit of z*(4/(-20) + -1)?
6
Let t be -5 - (-9)/6*(-4)/(-3). Let r(i) be the third derivative of -i**6/40 - i**5/10 - 3*i**4/8 - i**3/2 - 4*i**2. What is the tens digit of r(t)?
5
Let k(a) = a + 12. Let p be k(-14). Let c = 3 + p. What is the units digit of (-3)/c*-1*2057/33?
7
Let k(u) = 1. Let c(z) = z - 10. Let q be c(9). Let n(r) = -r - 27. Let v(d) = q*n(d) + 2*k(d). What is the tens digit of v(0)?
2
Let r = 550 + -548. Suppose 36*c - 5*x - 482 = 35*c, -r*c + 940 = -2*x. What is the units digit of c?
7
Suppose 3*t = -90*a + 93*a + 39921, -13277 = -t - 4*a. What is the units digit of t?
1
Let n = -60 - -36. Let s be (-4)/n*2*(3 - 810). Let z = 536 + s. What is the tens digit of z?
6
Suppose 143*q = 118*q + 592550. What is the ten thousands digit of q?
2
Let w = 3532 + 1252. Suppose 0 = 5*l - 3*u - 5978, -6*l + w = -2*l - 4*u. What is the units digit of l?
5
Suppose -t = -2*v - 8608, -171*t - 2*v = -174*t + 25832. What is the tens digit of t?
1
Let r be (-770)/(-396) - (-4)/72. Let d(a) = 0 + 1 - 2 + 4*a**2. What is the tens digit of d(r)?
1
Suppose 101*x - 8035 = 1000753. What is the thousands digit of x?
9
Let l be (-87960)/50 - (-1)/5. Let g = -576 - l. What is the units digit of g?
3
Suppose -84*o + 4544 = -80*o. What is the tens digit of 18/((-15)/5) + o?
3
Let j(u) = -u. Let d be j(-2). Suppose -z - z - 248 = d*n, 8 = 2*n. Let s = -58 - z. What is the tens digit of s?
7
Suppose -23*p + 34*p = -7524. Let f = p + 1487. What is the units digit of f?
3
Let u be -12*((-15)/12 - 6/(-3)). What is the hundreds digit of (-19 - u)*45/(-2)?
2
Let b be 8/44 + 10720/88. Let c = b - 59. What is the tens digit of c?
6
Suppose -s = -3*m + 21561, 2*m = -4*s + 7806 + 6582. What is the thousands digit of m?
7
Suppose 105*q + 76*q + 75*q = 10326784. What is the ten thousands digit of q?
4
Let k be 3/(-12)*2*-30. Suppose -2*i - 10 = a, k = -5*a - 7*i + 4*i. Let s(z) = 2*z + 30. What is the tens digit of s(a)?
3
Let t(h) = -h. Let w be t(-1). Let b = w - -29. What is the units digit of (24/b)/(1/120)?
6
Let k(n) = 546*n**2 - 69*n + 33. What is the units digit of k(4)?
3
Let p = 183 - 23. Suppose -149 = 2*o + 3*f - 31, 0 = -3*o + 4*f - p. What is the units digit of 0 - 0 - o - 2?
4
Let r(c) = -6*c - 5. Let o be r(-4). Suppose o = 2*y + 15. Suppose b - y + 1 = 0, 0 = 5*i + 2*b - 517. What is the units digit of i?
3
Let a be (3 - (0 - -1))/(4/6). Suppose -10*z - a*z = -13312. What is the thousands digit of z?
1
Let x(n) = -35*n**3 - n**2 + 42*n + 202. What is the tens digit of x(-6)?
7
Let t be (-6)/(-24) + (-22)/(-8). Suppose 6*f + t*f - 27 = 0. Suppose 0 = -4*d - f*v + 380, -5*d + 252 = -4*v - 192. What is the units digit of d?
2
Let j = 8527 - -16160. What is the units digit of j?
7
Suppose -6*n = n - 4298. Suppose 2*j - n = 130. Suppose 4 + j = 4*v. What is the units digit of v?
4
Let a(q) = 1 - 15*q + 21*q + 1 + 0*q**2 + 3*q**2. Let d be a(-2). Suppose d*m - 2*n = 40, -3*n + 35 = -0*m + 2*m. What is the units digit of m?
9
Suppose 17*j - 43 = 16*j. Suppose 2*t - k = j, 10*k = 5*t + 5*k - 95. What is the units digit of 586/10 + t/60?
9
Let d(q) be the second derivative of 0 + q - 16*q**2 - 17/6*q**3. What is the tens digit of d(-10)?
3
Let z = 464 - 460. Suppose 234 = 3*x + w - 280, -x + 180 = -z*w. What is the tens digit of x?
7
What is the units digit of 9160*(7 + (-225)/30)/(5/(-4))?
4
Suppose 0 = 4*p - 209*p + 5652670. What is the hundreds digit of p?
5
Suppose -4*a - 97144 = -4*k, -3*k - 98*a + 103*a + 72852 = 0. What is the ten thousands digit of k?
2
Let u be (-915)/9 - (-1)/((-6)/(-4)). Let r = -99 - u. What is the hundreds digit of 2/(((-16)/(-484))/r)?
1
Suppose -c + 12*w + 23594 - 4180 = 0, -5*c = -4*w - 97294. What is the tens digit of c?
6
Suppose 4*p - 16 = 2*s, 3*s + 5*p = 7 + 13. Let z(x) = 31*x - 10 + x**3 - 13*x + 15*x**2 + s*x. What is the units digit of z(-13)?
4
Let z = -8717 + 42463. What is the thousands digit of z?
3
Let a be (3 - 4)*(-1 + -2). Let n(u) = u**2 - 1. Let s(v) = -2*v**2 + v + 30. Let j(o) = a*n(o) + s(o). What is the tens digit of j(0)?
2
Let y(r) = -r**3 + 8*r**2 - 6*r - 7. Suppose 3*m - 4*s = -2 + 26, m - 7 = s. Let k be y(m). Suppose -c + 13 + k = 4*n, n = c - 66. What is the tens digit of c?
6
Suppose p + 5 = 0, -4*p = 3*g + 139 + 58. Let d = -62 - g. What is the hundreds digit of d + (-3756)/(-33) + 6/33?
1
Let r = 171 + -4. Suppose -8*d = -r + 47. Suppose 10*s - d*s + 640 = 0. What is the hundreds digit of s?
1
Let r(g) = -g**3 - 16*g**2 - 24*g - 21. Let f be r(-16). Let l = f - 31. What is the tens digit of l?
3
Let h(r) = 1435*r + 122. Let f be h(-8). What is the hundreds digit of f/12*2/(-3) - -2?
6
Let s(r) = 2*r**2 + 1466*r - 2*r**2 + 6*r**2 + 27 - 1454*r. What is the units digit of s(-8)?
5
Let o(r) = -2*r**3 - 33*r**2 + 50*r + 542. What is the units digit of o(-23)?
9
Let h be 8/6 - 24/(-36). What is the units digit of 2/12*h + (-6192)/(-54)?
5
Let q(p) = p**2 - 9*p + 15. Let o be q(6). Let t = 11 - 32. Let v = o - t. What is the tens digit of v?
1
Let u(v) = -16000*v**3 + 4*v**2 + 4*v + 2. What is the tens digit of u(-1)?
0
Let k = 6575 - 4219. What is the hundreds digit of k?
3
Let y be 16/(-12)*6057/(-12). Let n = y - 400. What is the units digit of n?
3
Let q = 159 - 63. Suppose a = q + 235. What is the units digit of a?
1
Let i(x) be the second derivative of -x**5/20 + 13*x**4/12 + 7*x**3/3 - x**2 + 31*x. Let m be i(14). What is the units digit of m + (2 - 0) + 105?
5
Let d(s) = 5*s**2 + 25*s - 3. Let h be (-12)/(-8)*(-4 - (-20)/(-6)). What is the units digit of d(h)?
7
Suppose k - 3 = -j, -3*k + 5*k - 6 = 0. Suppose j = -q + 26 + 1. What is the units digit of q?
7
Let y(p) = 52*p**3 + p**2 - 18*p + 1. Let q be y(4). Suppose 5*b = -4*g + 4364, 6*g = 9*g - 5*b - q. What is the thousands digit of g?
1
Let g(j) = -j**2 + 21*j - 84. Let m be g(5). Let v(u) = -32*u - 7. What is the units digit of v(m)?
1
What is the hundreds digit of (-72)/(-192) + 3958062/48?
4
Let o = 646 + -639. Suppose 49*w - o*w = 19866. What is the units digit of w?
3
Suppose -15 = -5*r + 15. Suppose 3*t - r*a + a = 31, 3*t = -2*a - 4. What is the tens digit of (-2)/(t - 0) - -87?
8
Suppose -6*c + 2*c = a - 12, 2*c = 5*a + 28. Suppose c*b + 943 = 2795. What is the tens digit of b?
6
Let t = 27 + -22. Suppose 2*i + 6 = -2*w, 2*w + 16 = -t*i + i. Suppose g - w*r = 3*r + 41, 52 = 2*g - 4*r. What is the tens digit of g?
1
What is the hundreds digit of (-1455000)/(-25